st the prime factors of 285711184.
2, 11, 769, 2111
What are the prime factors of 41969066?
2, 23, 79, 11549
What are the prime factors of 137158020?
2, 3, 5, 619, 1231
List the prime factors of 1578340226.
2, 239, 919, 3593
List the prime factors of 1105629463.
383, 2886761
List the prime factors of 1845384906.
2, 3, 293, 1049707
What are the prime factors of 106335121?
5059, 21019
List the prime factors of 10392691.
359, 28949
List the prime factors of 4326235782.
2, 3, 11, 1579, 41513
List the prime factors of 216015856.
2, 7, 131, 14723
What are the prime factors of 4047124038?
2, 3, 1229, 548837
List the prime factors of 973567542.
2, 3, 12473, 13009
List the prime factors of 100421875.
5, 6427
List the prime factors of 406091895.
3, 5, 11, 2461163
List the prime factors of 14721503.
59, 249517
What are the prime factors of 154305302?
2, 379, 203569
List the prime factors of 16408510.
2, 5, 1640851
What are the prime factors of 665027892?
2, 3, 19, 972263
What are the prime factors of 128123907?
3, 137, 311737
List the prime factors of 7316532.
2, 3, 41, 4957
List the prime factors of 278775422.
2, 223, 625057
What are the prime factors of 967455770?
2, 5, 101, 957877
List the prime factors of 654411986.
2, 3911, 83663
List the prime factors of 45644411.
45644411
What are the prime factors of 4261880225?
5, 170475209
List the prime factors of 45545620.
2, 5, 107, 21283
What are the prime factors of 620135282?
2, 13, 17, 1403021
What are the prime factors of 426691633?
41, 10407113
What are the prime factors of 2318885?
5, 17, 27281
List the prime factors of 868798963.
31, 167, 283, 593
List the prime factors of 36321067.
36321067
What are the prime factors of 584371302?
2, 3, 97395217
What are the prime factors of 8970934849?
29, 41, 7544941
What are the prime factors of 360499255?
5, 19, 3794729
What are the prime factors of 273960837?
3, 4027, 7559
What are the prime factors of 1126075321?
7, 22981129
What are the prime factors of 70492335?
3, 5, 353, 13313
What are the prime factors of 15428154?
2, 3, 7, 101, 3637
List the prime factors of 1835697367.
7, 23, 131, 87037
List the prime factors of 559961309.
71, 97, 81307
What are the prime factors of 207384680?
2, 5, 47, 110311
List the prime factors of 142116166.
2, 71058083
List the prime factors of 1047168087.
3, 7, 683, 73009
What are the prime factors of 40661376?
2, 3, 7, 2161
What are the prime factors of 250143538?
2, 23, 5437903
List the prime factors of 595967306.
2, 11, 23, 1177801
List the prime factors of 555869711.
31, 773, 23197
List the prime factors of 153861756.
2, 3, 53, 241921
What are the prime factors of 6129808786?
2, 3064904393
What are the prime factors of 929250558?
2, 3, 51625031
What are the prime factors of 773688051?
3, 28655113
List the prime factors of 494764543.
7, 13, 983, 5531
List the prime factors of 155039921.
155039921
What are the prime factors of 51921069?
3, 17307023
What are the prime factors of 776348398?
2, 7, 19, 2918603
What are the prime factors of 63094698?
2, 3, 53, 66137
List the prime factors of 2561451513.
3, 2111, 404461
List the prime factors of 9145690.
2, 5, 914569
What are the prime factors of 122070112?
2, 3814691
What are the prime factors of 30610665?
3, 5, 680237
List the prime factors of 1007708800.
2, 5, 7, 44987
What are the prime factors of 21433989?
3, 31, 37, 6229
What are the prime factors of 344666230?
2, 5, 2029, 16987
List the prime factors of 90332520.
2, 3, 5, 752771
List the prime factors of 342068346.
2, 3, 2111533
List the prime factors of 407201782.
2, 13, 17, 70867
What are the prime factors of 61111489?
83, 139, 5297
List the prime factors of 34894280.
2, 5, 41, 21277
What are the prime factors of 2387256815?
5, 97, 4922179
What are the prime factors of 97193196?
2, 3, 33331
What are the prime factors of 181113891?
3, 7, 23, 374977
List the prime factors of 856591065.
3, 5, 11, 41, 1279
What are the prime factors of 371022044?
2, 19, 4881869
List the prime factors of 2219855075.
5, 179, 233, 2129
What are the prime factors of 89672615?
5, 31, 578533
List the prime factors of 216725592.
2, 3, 2663, 3391
What are the prime factors of 1046824125?
3, 5, 2791531
What are the prime factors of 3200239521?
3, 19, 719, 26029
List the prime factors of 1157264021.
23, 50315827
List the prime factors of 1513520460.
2, 3, 5, 8408447
List the prime factors of 5448418666.
2, 487, 5593859
List the prime factors of 111426256.
2, 269, 25889
List the prime factors of 57698606.
2, 7, 283, 14563
List the prime factors of 10631947.
1087, 9781
What are the prime factors of 140775857?
47, 137, 21863
List the prime factors of 197635750.
2, 5, 13, 60811
What are the prime factors of 3135735043?
7, 181, 2474929
List the prime factors of 27777689.
479, 57991
List the prime factors of 821632051.
47, 17481533
List the prime factors of 152434418.
2, 211, 361219
What are the prime factors of 64273012?
2, 16068253
List the prime factors of 45834302.
2, 43, 61, 8737
List the prime factors of 171953774.
2, 85976887
What are the prime factors of 360518224?
2, 11, 1051, 1949
List the prime factors of 36766096.
2, 2297881
What are the prime factors of 52318673?
11, 17, 279779
What are the prime factors of 448207083?
3, 31, 281, 5717
List the prime factors of 233447719.
59, 3956741
What are the prime factors of 3010213402?
2, 7, 433, 599, 829
What are the prime factors of 6397927364?
2, 3761, 425281
List the prime factors of 6128109457.
107, 4007, 14293
List the prime factors of 15842366.
2, 223, 35521
List the prime factors of 317479383.
3, 13, 2713499
List the prime factors of 1376411306.
2, 688205653
List the prime factors of 118588253.
7, 19, 23, 38767
List the prime factors of 358542004.
2, 431, 207971
What are the prime factors of 61199702?
2, 37, 827023
What are the prime factors of 22416234?
2, 3, 17, 219767
List the prime factors of 1055270418.
2, 3, 175878403
List the prime factors of 38996207.
41, 347, 2741
What are the prime factors of 1180111784?
2, 23, 6413651
List the prime factors of 263707836.
2, 3, 7, 3139379
List the prime factors of 722261657.
13, 59, 941671
List the prime factors of 142887453.
3, 89, 535159
List the prime factors of 69882670.
2, 5, 11, 13, 48869
What are the prime factors of 233385144?
2, 3, 101, 96281
What are the prime factors of 130070339?
7, 18581477
List the prime factors of 760922604.
2, 3, 13, 1625903
What are the prime factors of 1506467776?
2, 11, 71, 30139
What are the prime factors of 332893443?
3, 110964481
List the prime factors of 66936590.
2, 5, 7, 956237
List the prime factors of 347185659.
3, 115728553
What are the prime factors of 37042820?
2, 5, 439, 4219
List the prime factors of 60544215.
3, 5, 43, 67, 467
What are the prime factors of 4995730451?
4995730451
List the prime factors of 2614717259.
7, 11, 33957367
List the prime factors of 302715231.
3, 7, 13, 233, 4759
What are the prime factors of 50182852?
2, 41, 157, 1949
What are the prime factors of 133015523?
19, 2521, 2777
List the prime factors of 62138320.
2, 5, 776729
What are the prime factors of 44746261?
7, 17, 53717
What are the prime factors of 7197995?
5, 7, 205657
What are the prime factors of 448095947?
13, 34468919
What are the prime factors of 54238950?
2, 3, 5, 40177
What are the prime factors of 2598773433?
3, 29, 53, 373, 1511
List the prime factors of 4225535909.
7, 603647987
What are the prime factors of 4031682?
2, 3, 671947
What are the prime factors of 1199917037?
11, 331, 329557
What are the prime factors of 53721905?
5, 23, 467147
List the prime factors of 1355582530.
2, 5, 135558253
What are the prime factors of 309135187?
19, 16270273
List the prime factors of 13348278.
2, 3, 59, 12569
What are the prime factors of 6733878?
2, 3, 47, 23879
List the prime factors of 17388092.
2, 23, 331, 571
List the prime factors of 3694830518.
2, 823, 2244733
List the prime factors of 52680124.
2, 7, 29, 64877
What are the prime factors of 59656820?
2, 5, 2982841
What are the prime factors of 3595563540?
2, 3, 5, 71, 191, 491
List the prime factors of 76718327.
7, 10959761
List the prime factors of 4403449596.
2, 3, 7, 13, 4032463
What are the prime factors of 5350950?
2, 3, 5, 11, 23, 47
What are the prime factors of 46